the greatest common divisor of 34 and 6698?
34
Calculate the greatest common factor of 51 and 201.
3
Calculate the greatest common divisor of 1233 and 9.
9
What is the highest common divisor of 476 and 56?
28
Calculate the greatest common divisor of 882 and 18.
18
Calculate the highest common divisor of 2 and 9.
1
What is the greatest common factor of 666 and 18?
18
What is the highest common factor of 819 and 234?
117
Calculate the greatest common divisor of 1250 and 2.
2
What is the highest common divisor of 273 and 7?
7
What is the highest common factor of 841 and 377?
29
Calculate the highest common factor of 1992 and 24.
24
Calculate the highest common factor of 294 and 210.
42
Calculate the highest common divisor of 944 and 32.
16
Calculate the greatest common factor of 19 and 703.
19
Calculate the greatest common factor of 1260 and 3060.
180
What is the highest common factor of 250 and 2?
2
Calculate the highest common divisor of 123 and 26773.
41
Calculate the greatest common divisor of 7 and 9107.
7
Calculate the highest common divisor of 74 and 14763.
37
Calculate the highest common factor of 14 and 224.
14
What is the highest common factor of 10 and 4135?
5
Calculate the highest common divisor of 31 and 589.
31
Calculate the greatest common factor of 23863 and 147.
49
What is the highest common divisor of 462 and 1050?
42
What is the greatest common factor of 9 and 9?
9
What is the greatest common factor of 256 and 16?
16
What is the highest common factor of 4242 and 42?
42
What is the greatest common factor of 57 and 513?
57
What is the greatest common factor of 44 and 68?
4
What is the highest common factor of 99 and 231?
33
What is the greatest common factor of 429 and 9282?
39
Calculate the greatest common divisor of 17 and 391.
17
Calculate the highest common factor of 875 and 35.
35
What is the highest common divisor of 18 and 810?
18
What is the greatest common divisor of 28 and 112?
28
Calculate the highest common divisor of 17447 and 73.
73
What is the highest common divisor of 62 and 6?
2
What is the greatest common factor of 18 and 276?
6
Calculate the greatest common divisor of 551 and 76.
19
What is the greatest common factor of 37 and 1073?
37
What is the highest common factor of 446 and 1561?
223
What is the greatest common factor of 124 and 217?
31
What is the highest common factor of 68 and 6103?
17
What is the highest common divisor of 580 and 40?
20
What is the highest common divisor of 130 and 6110?
130
What is the highest common divisor of 40 and 8?
8
What is the highest common factor of 333 and 444?
111
Calculate the highest common factor of 253 and 22.
11
Calculate the greatest common divisor of 222 and 4958.
74
What is the highest common factor of 8 and 224?
8
Calculate the greatest common divisor of 300 and 36.
12
Calculate the highest common divisor of 474 and 26860.
158
What is the highest common factor of 36 and 270?
18
What is the highest common divisor of 249 and 3071?
83
Calculate the highest common divisor of 1140 and 12.
12
Calculate the highest common factor of 58 and 1247.
29
What is the highest common divisor of 175 and 25?
25
Calculate the highest common divisor of 6504 and 24.
24
What is the greatest common divisor of 308 and 121?
11
What is the highest common divisor of 13 and 5057?
13
Calculate the highest common factor of 639 and 284.
71
Calculate the greatest common divisor of 58 and 1943.
29
What is the highest common factor of 1360 and 10?
10
Calculate the highest common divisor of 50 and 250.
50
Calculate the highest common divisor of 45 and 81.
9
What is the greatest common divisor of 190 and 130?
10
Calculate the highest common factor of 91 and 819.
91
Calculate the highest common factor of 99 and 264.
33
What is the greatest common factor of 19168 and 32?
32
What is the highest common factor of 156 and 6812?
52
What is the greatest common divisor of 68 and 1088?
68
Calculate the greatest common factor of 21 and 180.
3
What is the greatest common factor of 39 and 377?
13
What is the highest common divisor of 56 and 1512?
56
Calculate the greatest common divisor of 27 and 219.
3
Calculate the highest common divisor of 84 and 105.
21
Calculate the highest common factor of 987 and 105.
21
Calculate the greatest common factor of 4430 and 20.
10
Calculate the greatest common divisor of 52 and 1300.
52
Calculate the highest common divisor of 477 and 9.
9
What is the greatest common divisor of 55 and 1?
1
What is the greatest common factor of 2 and 11?
1
What is the highest common divisor of 12008 and 19?
19
What is the highest common divisor of 4864 and 76?
76
Calculate the greatest common factor of 300 and 432.
12
What is the greatest common divisor of 650 and 260?
130
What is the highest common divisor of 112 and 532?
28
Calculate the highest common divisor of 8 and 3.
1
What is the highest common divisor of 352 and 33?
11
Calculate the highest common factor of 354 and 6.
6
What is the greatest common factor of 21 and 58569?
21
Calculate the highest common factor of 18643 and 543.
181
What is the highest common divisor of 17 and 2?
1
Calculate the highest common factor of 5230 and 20.
10
What is the highest common divisor of 209 and 152?
19
Calculate the highest common divisor of 20115 and 81.
27
What is the highest common divisor of 9847 and 43?
43
What is the highest common divisor of 325 and 26?
13
What is the highest common factor of 8 and 296?
8
Calculate the highest common divisor of 54 and 246.
6
What is the greatest common divisor of 55 and 319?
11
What is the highest common factor of 39 and 728?
13
Calculate the highest common divisor of 24432 and 48.
48
What is the greatest common factor of 48 and 654?
6
Calculate the greatest common factor of 26 and 1027.
13
Calculate the greatest common factor of 414 and 3174.
138
What is the greatest common divisor of 70 and 57890?
70
What is the highest common divisor of 81 and 27?
27
Calculate the highest common divisor of 204 and 4.
4
What is the greatest common divisor of 464 and 174?
58
What is the greatest common factor of 539 and 132?
11
What is the greatest common divisor of 1096 and 2055?
137
Calculate the highest common factor of 114 and 3610.
38
What is the highest common divisor of 1161 and 99?
9
What is the highest common divisor of 153 and 1666?
17
Calculate the greatest common factor of 9 and 87.
3
Calculate the highest common factor of 81 and 1647.
27
What is the greatest common divisor of 228 and 399?
57
Calculate the highest common factor of 1512 and 3888.
216
Calculate the highest common divisor of 264 and 6776.
88
What is the greatest common factor of 207 and 345?
69
What is the highest common factor of 36581 and 157?
157
What is the greatest common divisor of 66 and 22638?
66
What is the highest common factor of 36 and 48?
12
Calculate the highest common factor of 1197 and 532.
133
Calculate the highest common factor of 1785 and 1309.
119
What is the highest common divisor of 200 and 25?
25
What is the highest common divisor of 135 and 8430?
15
What is the highest common factor of 2624 and 64?
64
Calculate the highest common factor of 493 and 1445.
17
Calculate the greatest common divisor of 989 and 43.
43
What is the greatest common factor of 66 and 6886?
22
Calculate the highest common divisor of 39 and 351.
39
What is the highest common factor of 7 and 203?
7
What is the highest common factor of 28 and 1246?
14
Calculate the highest common factor of 3 and 32.
1
What is the greatest common divisor of 27 and 45?
9
What is the greatest common factor of 525 and 75?
75
Calculate the highest common factor of 39684 and 24.
12
What is the greatest common factor of 78 and 18?
6
Calculate the highest common divisor of 5 and 18985.
5
What is the highest common divisor of 765 and 34?
17
What is the highest common divisor of 548 and 12?
4
Calculate the highest common factor of 13 and 325.
13
What is the highest common factor of 735 and 195?
15
What is the greatest common divisor of 2150 and 43?
43
Calculate the greatest common factor of 387 and 43.
43
What is the highest common factor of 5 and 4585?
5
What is the highest common factor of 75 and 50?
25
Calculate the greatest common divisor of 176 and 16.
16
What is the highest co